{"id":31,"date":"2016-10-04T21:05:44","date_gmt":"2016-10-04T19:05:44","guid":{"rendered":"http:\/\/www.chirurgie-riss.at\/riss.cc\/?page_id=10"},"modified":"2025-09-07T19:22:43","modified_gmt":"2025-09-07T17:22:43","slug":"leistungen","status":"publish","type":"page","link":"https:\/\/www.riss.cc\/?page_id=31&lang=de","title":{"rendered":"Leistungen"},"content":{"rendered":"\n<ul class=\"wp-block-list\">\n<li>Schilddr\u00fcsenchirurgie\u00a0<strong>(auch ohne Narbe)<\/strong><\/li>\n\n\n\n<li>Nebenschilddr\u00fcsenchirurgie<\/li>\n\n\n\n<li><strong>Schilddr\u00fcsenultraschall inkl. Elastographie<\/strong> in der Ordination<\/li>\n\n\n\n<li>Nebennieren- Erkrankungen<\/li>\n\n\n\n<li>Endokrine Chirurgie (Neuroendokrine Tumore)<\/li>\n\n\n\n<li>Allgemeinchirurgie und Viszeralchirurgie (Gallenblase, Leistenbruch, Bauchchirurgie, etc.)<\/li>\n\n\n\n<li>Minimalinvasive Chirurgie (Schl\u00fcssellochchirurgie)<\/li>\n\n\n\n<li>&#8222;sanfte&#8220; Endoskopie (Magenspiegelung, Darmspiegelung)<\/li>\n\n\n\n<li>Zweitmeinung und Beratung<\/li>\n\n\n\n<li><a href=\"https:\/\/www.riss.cc\/?page_id=448&amp;lang=de\">kleine chirurgische Eingriffe in der Ordination<\/a><\/li>\n<\/ul>\n\n\n\n<p>Ich besch\u00e4ftige mich intensiv mit der Behandlung von gutartigen und b\u00f6sartigen Schilddr\u00fcsen- Ver\u00e4nderungen, endokrinen Erkrankungen und Allgemeinchirurgie.<\/p>\n\n\n\n<h3 class=\"wp-block-heading\">Schilddr\u00fcsenchirurgie<\/h3>\n\n\n\n<p>Nicht jede&nbsp;<b>Schilddr\u00fcse<\/b>&nbsp;mit Knoten muss operiert werden, aber auch nicht jeder kleine Schilddr\u00fcsenknoten ist harmlos. Darum ist eine pers\u00f6nliche, individuelle Beratung wichtig.&nbsp;<strong><em>Ich nehme mir Zeit f\u00fcr Sie und gemeinsam k\u00f6nnen wir die Abkl\u00e4rung, eine eventuell notwendige operative Therapie oder notwendige Kontrollen besprechen und planen<\/em>.<br><\/strong><\/p>\n\n\n\n<p>Die Nebenschilddr\u00fcsen liegen um die Schilddr\u00fcse herum, haben die gleiche Blutversorgung aber sonst mit der Schilddr\u00fcse nichts zu tun. Sie steuern jedoch den Stoffwechsel eines der wichtigsten Blutsalze: des Kalzium. St\u00f6rungen der Nebenschilddr\u00fcse k\u00f6nnen somit den Kalziumstoffwechsel (und daher auch den Knochenstoffwechsel) massiv beeinflussen.<br>Im Falle einer Nebenschilddr\u00fcsen- \u00dcberfunktion (erkennbar an einem erh\u00f6hten Kalzium mit inad\u00e4quat hohem Parathormon) muss die vergr\u00f6\u00dferte Nebenschulddr\u00fcse operativ entfernt werden.<\/p>\n\n\n\n<p><\/p>\n<h4 class=\"wp-block-heading\">Roboterchirurgie<\/h4>\n<p> <\/p>\n<p>Ab Ende 2025 biete ich die meisten allgemeinchirurgischen Operationen (Leistenbruch, Gallenblase) sowie endokrin-chirurgische Operation (Schilddr\u00fcsenoperationen und Nebennierenoperationen) auch minimal-invasiv mit dem <span style=\"text-decoration: underline;\">OP-Roboter<\/span> DaVinci an.<\/p>\n<p><\/p>\n\n\n\n<h4 class=\"wp-block-heading\">Narbenlose Schilddr\u00fcsenchirurgie<\/h4>\n\n\n\n<p>Bei kleinen Knoten oder kleiner Schilddr\u00fcse kann die Operation auch &#8222;minimal invasiv&#8220;&nbsp;<em><span style=\"text-decoration: underline;\">ohne Schnitt am Hals<\/span><\/em> durchgef\u00fchrt werden. Dabei werden die Schnitte innen an der Unterlippe &#8222;versteckt&#8220; und die Schilddr\u00fcse mit Hilfe der Kameramethode entfernt (TOETVA- Methode). Bei Erkrankungen der&nbsp;<strong><em>Nebenschilddr\u00fcse&nbsp;<\/em><\/strong>kann diese OP- Methode in bestimmten F\u00e4llen (bei erfolgreicher Lokalisation) ebenfalls durchgef\u00fchrt werden!<\/p>\n\n\n\n<h3 class=\"wp-block-heading\">Nebennierentumoren<\/h3>\n\n\n\n<p>Erkrankungen der&nbsp;<b>Nebennieren<\/b>&nbsp;(Nebennieren- Tumore oder Vergr\u00f6\u00dferungen) werden oft als Zufallsbefund im Rahmen einer Computertomographie oder Ultraschalluntersuchung entdeckt. Sie k\u00f6nnen harmlos sein, aber den K\u00f6rper auch durch eine \u00fcberschie\u00dfende Hormonproduktion nachhaltig sch\u00e4digen. Sehr selten gibt es auch b\u00f6sartige Erkrankungen. Ein Nebennieren- Adenom\/Tumor muss in vielen F\u00e4llen nicht operiert werden, aber sehr gewissenhaft auf Hormonproduktion oder Anzeichen von B\u00f6sartigkeit untersucht werden.<br>Sollte eine Operation notwendig sein, kann diese fast immer minimalinvasiv mit 3 kleinen Schnitten und kurzem Spitalsaufenthalt durchgef\u00fchrt werden (&#8222;retroperitoneal endoskopische Adrenalektomie&#8220;).<\/p>\n\n\n\n<h3 class=\"wp-block-heading\">Endokrine Tumoren<\/h3>\n\n\n\n<p>Die <strong>endokrine Chirurgie<\/strong> (auch \u201eChirurgische Endokrinologie\u201c genannt), besch\u00e4ftigt sich auch mit&nbsp;<b>neuroendokrinen Tumoren<\/b>&nbsp;im Bereich des Gastrointestinaltrakts (Magen-Darm- Bereich und Bauchspeicheldr\u00fcse). Man spricht hier auch von \u201eGEP-NET\u201c (Gastro- entero- pankreatischen Tumoren), \u201eKarzinoiden\u201c oder, wenn der Tumor bestimmte Hormone produziert, vom \u201eInsulinom\u201c oder \u201eGastrinom\u201c.<br>Bei diesen Erkrankungen liegt der Schl\u00fcssel f\u00fcr eine sinnvolle Therapie in einer sorgf\u00e4ltigen und auf das jeweilige Krankheitsbild abgestimmten Abkl\u00e4rung.<\/p>\n\n\n\n<h3 class=\"wp-block-heading\">Allgemeinchirurgie, Bauchchirurgie | Onkologische Chirurgie<\/h3>\n\n\n\n<h4 class=\"wp-block-heading\">Leistenbruch (Hernie), Gallenblase<\/h4>\n\n\n\n<p>Ein weiterer Schwerpunkt von mir liegt in der Behandlung von&nbsp;<b>\u201eallgemeinchirurgischen\u201c Erkrankungen<\/b>&nbsp;wie Gallensteinen, Leistenbr\u00fcchen oder Bauchwandbr\u00fcchen (\u201eHernien\u201c). Meistens kann ein laparoskopisches, minimal- invasives Verfahren durchgef\u00fchrt werden (\u201eSchl\u00fcsselloch- Chirurgie\u201c), sodass nach einer kurzen Erholungs- Phase wieder eine volle Leistungsf\u00e4higkeit besteht. Diese Methoden sind oft schonender und auch f\u00fcr aktive (Leistung-)Sportler geeignet.<br>Bei manchen Sportarten ist die Leistenregion besonderen Belastungen ausgesetzt (&#8222;<strong>Sportlerleiste&#8220;<\/strong>). Neben Zerrungen, Gewebe- Einrissen und Nervenreizungen kommen hier auch geh\u00e4uft Leistenbr\u00fcche (oder sogenannte &#8222;weiche Leisten&#8220;) vor. Hier ist eine genaue Abkl\u00e4rung und Beratung der AthletInnen besonders wichtig.<\/p>\n\n\n\n<h3 class=\"wp-block-heading\">Ambulante Chirurgie<\/h3>\n\n\n\n<p><strong>Chirurgische Eingriffe in der Ordination &#8211;&nbsp;<\/strong><a href=\"https:\/\/www.riss.cc\/?page_id=448&amp;lang=de\">n\u00e4here Informationen hier<\/a><br>(Lipome, Atherome, Hauttumore, Muttermale, eingewachsene Zehenn\u00e4gel, Abszesse)<\/p>\n","protected":false},"excerpt":{"rendered":"<p>Ich besch\u00e4ftige mich intensiv mit der Behandlung von gutartigen und b\u00f6sartigen Schilddr\u00fcsen- Ver\u00e4nderungen, endokrinen Erkrankungen und Allgemeinchirurgie. Schilddr\u00fcsenchirurgie Nicht jede&nbsp;Schilddr\u00fcse&nbsp;mit Knoten muss operiert werden, aber auch nicht jeder kleine Schilddr\u00fcsenknoten ist harmlos. Darum ist eine pers\u00f6nliche, individuelle Beratung wichtig.&nbsp;Ich nehme mir Zeit f\u00fcr Sie und gemeinsam k\u00f6nnen wir die Abkl\u00e4rung, eine eventuell notwendige operative Therapie [&hellip;]<\/p>\n","protected":false},"author":1,"featured_media":0,"parent":0,"menu_order":0,"comment_status":"closed","ping_status":"closed","template":"","meta":{"om_disable_all_campaigns":false,"_monsterinsights_skip_tracking":false,"_monsterinsights_sitenote_active":false,"_monsterinsights_sitenote_note":"","_monsterinsights_sitenote_category":0,"_uf_show_specific_survey":0,"_uf_disable_surveys":false,"footnotes":""},"class_list":["post-31","page","type-page","status-publish","hentry"],"aioseo_notices":[],"_links":{"self":[{"href":"https:\/\/www.riss.cc\/index.php?rest_route=\/wp\/v2\/pages\/31","targetHints":{"allow":["GET"]}}],"collection":[{"href":"https:\/\/www.riss.cc\/index.php?rest_route=\/wp\/v2\/pages"}],"about":[{"href":"https:\/\/www.riss.cc\/index.php?rest_route=\/wp\/v2\/types\/page"}],"author":[{"embeddable":true,"href":"https:\/\/www.riss.cc\/index.php?rest_route=\/wp\/v2\/users\/1"}],"replies":[{"embeddable":true,"href":"https:\/\/www.riss.cc\/index.php?rest_route=%2Fwp%2Fv2%2Fcomments&post=31"}],"version-history":[{"count":16,"href":"https:\/\/www.riss.cc\/index.php?rest_route=\/wp\/v2\/pages\/31\/revisions"}],"predecessor-version":[{"id":1135,"href":"https:\/\/www.riss.cc\/index.php?rest_route=\/wp\/v2\/pages\/31\/revisions\/1135"}],"wp:attachment":[{"href":"https:\/\/www.riss.cc\/index.php?rest_route=%2Fwp%2Fv2%2Fmedia&parent=31"}],"curies":[{"name":"wp","href":"https:\/\/api.w.org\/{rel}","templated":true}]}}